e?
False
Is 10148647 prime?
False
Is 78056499 composite?
True
Is 150150877 prime?
False
Is 327896477 prime?
True
Is 5834003 a prime number?
False
Is 693989 a prime number?
True
Is 625901723 a composite number?
True
Is 8141051 composite?
True
Is 68958763 a composite number?
False
Is 2633177 a composite number?
True
Is 11597 prime?
True
Is 30666367 a composite number?
False
Is 17512829 a composite number?
True
Is 15471497 a prime number?
True
Is 2620609 a composite number?
True
Is 5536687 a composite number?
True
Is 586837 a composite number?
False
Is 41218681 a prime number?
False
Is 1146869 a composite number?
False
Is 3063629 a composite number?
False
Is 5542109 a composite number?
False
Is 882723 a prime number?
False
Is 24039643 prime?
True
Is 19388549 a prime number?
True
Is 1947697 prime?
False
Is 45288197 a prime number?
True
Is 18852109 composite?
False
Is 1982321 a composite number?
True
Is 26379259 a prime number?
True
Is 221662537 a prime number?
True
Is 2645117 prime?
False
Is 63595673 a composite number?
True
Is 4410097 a prime number?
True
Is 186211 a prime number?
True
Is 15201751 a prime number?
True
Is 11589719 prime?
True
Is 89330755 a composite number?
True
Is 334145707 prime?
False
Is 55917271 composite?
True
Is 1413649 a composite number?
True
Is 68010341 composite?
True
Is 440956457 composite?
False
Is 769843 a composite number?
True
Is 104091593 a prime number?
False
Is 2383153 a prime number?
False
Is 5163617 composite?
True
Is 12163829 prime?
True
Is 49754963 composite?
True
Is 68208883 a composite number?
True
Is 144990683 composite?
False
Is 35960137 a prime number?
True
Is 35977603 a composite number?
True
Is 9885277 a composite number?
True
Is 8315969 a prime number?
True
Is 139187131 prime?
True
Is 35667391 a prime number?
False
Is 1500721 a composite number?
True
Is 72072811 a prime number?
True
Is 231779 a composite number?
False
Is 1495991 composite?
True
Is 24944947 prime?
False
Is 6696743 a composite number?
False
Is 10345117 composite?
False
Is 7675741 composite?
False
Is 34013207 prime?
False
Is 42504841 prime?
False
Is 76897221 a composite number?
True
Is 105158563 prime?
False
Is 6124253 a composite number?
False
Is 69880801 composite?
False
Is 428511 a prime number?
False
Is 10990373 composite?
True
Is 5993389 prime?
False
Is 15088273 a composite number?
False
Is 7058609 prime?
True
Is 13150537 prime?
False
Is 170922359 prime?
True
Is 45825001 composite?
False
Is 63968629 a composite number?
False
Is 18747709 a prime number?
True
Is 6507859 prime?
True
Is 58052017 a prime number?
True
Is 697053311 prime?
False
Is 5826269 composite?
True
Is 262981 prime?
True
Is 2072617 a composite number?
False
Is 1737733 prime?
True
Is 6265309 a composite number?
False
Is 32949899 a prime number?
True
Is 816674 composite?
True
Is 85436119 a prime number?
True
Is 14358529 composite?
True
Is 20588369 composite?
False
Is 30738203 a composite number?
True
Is 7782461 a composite number?
True
Is 8446351 a prime number?
True
Is 6094069 a prime number?
True
Is 29657 composite?
True
Is 15169883 a prime number?
False
Is 10317217 a composite number?
True
Is 11317829 prime?
False
Is 6649661 a prime number?
True
Is 21265747 a composite number?
False
Is 59604097 a prime number?
False
Is 202512421 a prime number?
True
Is 30864889 a composite number?
True
Is 1752847 a prime number?
False
Is 1721081 a prime number?
True
Is 578183 a composite number?
False
Is 461663 a prime number?
False
Is 820889 a composite number?
True
Is 262879711 a prime number?
True
Is 12891767 composite?
True
Is 5405207 prime?
False
Is 11469763 a composite number?
True
Is 7544981 a composite number?
False
Is 39828401 prime?
True
Is 1105421 a composite number?
True
Is 324667 a prime number?
False
Is 3186685 prime?
False
Is 25202951 prime?
False
Is 65079429 a composite number?
True
Is 343020853 prime?
False
Is 2288651 a prime number?
False
Is 62809349 a composite number?
False
Is 2770343 a composite number?
True
Is 5023679 composite?
False
Is 201207659 composite?
False
Is 1737821 prime?
True
Is 414041 a prime number?
False
Is 953661 a composite number?
True
Is 1466653 composite?
False
Is 88646297 composite?
False
Is 90279337 a composite number?
True
Is 175051049 composite?
False
Is 33248751 composite?
True
Is 19755859 prime?
True
Is 1101337851 a composite number?
True
Is 11539 prime?
False
Is 2574289 composite?
False
Is 45974867 a composite number?
False
Is 117157081 composite?
True
Is 13627249 a composite number?
True
Is 77545337 a composite number?
False
Is 16946791 composite?
True
Is 64814009 a composite number?
True
Is 39653021 composite?
True
Is 18054623 a prime number?
False
Is 6297163 a prime number?
True
Is 562541561 composite?
True
Is 3488897 a prime number?
True
Is 35588029 a composite number?
True
Is 3318983 a prime number?
True
Is 7897291 a prime number?
False
Is 7181983 a prime number?
True
Is 97600211 a prime number?
True
Is 2662651 prime?
True
Is 138998785 a prime number?
False
Is 5070293 prime?
True
Is 23304965 composite?
True
Is 48529687 a composite number?
False
Is 5826577 composite?
False
Is 5522761 composite?
False
Is 639889 composite?
True
Is 17707003 a prime number?
False
Is 550933 a composite number?
True
Is 123417599 a prime number?
True
Is 14135497 a prime number?
True
Is 3339911 composite?
True
Is 787357 a prime number?
True
Is 129366197 prime?
False
Is 205199341 prime?
True
Is 343807 composite?
True
Is 1499891 composite?
False
Is 128858539 composite?
True
Is 205039613 a prime number?
True
Is 11461333 a prime number?
False
Is 567895441 composite?
False
Is 161303 a prime number?
True
Is 1788607 a composite number?
True
Is 432951091 composite?
True
Is 96564749 a composite number?
False
Is 1049413 composite?
False
Is 21892307 composite?
True
Is 25235731 prime?
False
Is 94379 prime?
True
Is 78367 prime?
True
Is 269532023 prime?
False
Is 5603831 a prime number?
True
Is 3631073 a prime number?
True
Is 2670911 prime?
False
Is 737419 composite?
True
Is 18490403 prime?
False
Is 952853183 composite?
False
Is 46024991 a composite number?
False
Is 52944313 composite?
True
Is 13735509 prime?
False
Is 55797143 prime?
True
Is 5287778 prime?
False
Is 9620033 a prime number?
False
Is 2426723 composite?
True
Is 4053187 prime?
True
Is 1009699 a prime number?
False
Is 23920913 a prime number?
False
Is 6626995 prime?
False
Is 137567 prime?
True
Is 35421011 prime?
True
Is 46172371 a composite number?
True
Is 26831779 a composite number?
True
Is 17023009 a composite number?
False
Is 9295463 prime?
False
Is 2536631 composite?
False
Is 35933081 prime?
True
Is 166305493 prime?
False
Is 67761157 composite?
True
Is 645648589 composite?
False
Is 512611 a composite number?
True
Is 4491991 composite?
True
Is 3483937 a prime number?
True
Is 14466794 a prime number?
False
Is 73326635 a composite number?
True
Is 1044004421 prime?
True
Is 2151421 a composite number?
False
Is 149686351 a composite number?
True
Is 10771447 composite?
False
Is 50242197 composite?
True
Is 29333743 prime?
True
Is 25312433 prime?
False
Is 1434011 a composite number?
False
Is 445004297 prime?
False
Is 8419451 a composite number?
True
Is 3063829 a prime number?
True
Is 2886451 prime?
True
Is 58599427 prime?
False
Is 9161353 a prime number?
True
Is 4245203 composite?
False
Is 2803022 a composite number?
True
Is 121251569 a prime number?
False
Is 71710511 prime?
True
Is 367223 a composite number?
True
Is 840967 a prime number?
True
Is 2146727 prime?
False
Is 20959973 a composite number?
False
Is 12860327 composite?
True
Is 293710193 prime?
False
Is 260483 a composite number?
False
Is 2104541 a composite number?
False
Is 19025602 prime?
False
Is 9205723 prime?
False
Is 1757143 prime?
True
Is 34504403 composite?
True
Is 33938353 composite?
False
Is 1480327 a composite number?
True
Is 126749869 a composite number?
False
Is 17646373 a prime number?
False
Is 6928969 a composite number?
False
Is 9934607 a prime number?
False
Is 48677957 prime?
False
Is 23493761 composite?
True
Is 5880811 a composite number?
False
Is 139072967 prime?
False
Is 127297 composite?
False
Is 1179749771 a composite number?
False
Is 121421 a composite number?
False
Is 879449 composite?
False
Is 18525239 composite?
False
Is 10053